{"id":2739,"date":"2020-12-21T20:49:58","date_gmt":"2020-12-21T20:49:58","guid":{"rendered":"https:\/\/www.slepecastratores.com.br\/?post_type=product&#038;p=2739"},"modified":"2021-02-12T20:32:27","modified_gmt":"2021-02-12T20:32:27","slug":"bomba-manual-para-graxa-8522-g3-5-7kg","status":"publish","type":"product","link":"https:\/\/www.slepecastratores.com.br\/?product=bomba-manual-para-graxa-8522-g3-5-7kg","title":{"rendered":"Bomba Manual para Graxa 8522-G3 5-7Kg"},"content":{"rendered":"","protected":false},"excerpt":{"rendered":"<p>Bomba manual para graxa com compactador e mola, recomendada para clientes que na\u0303o dispo\u0303em de ar comprimido, aplicac\u0327a\u0303o em locais de difi\u0301cil acesso e que tenha um volume me\u0301dio de consumo. Indicado para todo segmento de mercado, principalmente em canteiros de obras, fazendas, terraplenagem, locadoras de ma\u0301quinas pesadas, etc.<\/p>\n<p>\u2022 Revestimento Interno do recipiente: Verniz Epoxi Incolor;<br \/>\nImagem ilustrativa<br \/>\n\u2022 Alta resist\u00eancia contra corros\u00e3o e desplacamento dos componentes;<br \/>\n\u2022 Revestimento Externo do recipiente: Cor Padr\u00e3o &#8211; Litografia;<br \/>\n\u2022 Aro Remov\u00edvel com fecho r\u00e1pido e pintura eletrost\u00e1tica;<br \/>\n\u2022 P\u00e9 Remov\u00edvel com fechamento parafuso;<br \/>\n\u2022 Solda por estanho e fundo recravado anti vazamento;<br \/>\n\u2022 Cabo anat\u00f4mico;<br \/>\n\u2022 Sistema Strike System, melhor aproveitamento da graxa;<br \/>\n\u2022 Constru\u00e7\u00e3o refor\u00e7ada<\/p>\n<p>&nbsp;<\/p>\n<p>&nbsp;<\/p>\n<p>&nbsp;<\/p>\n<p>&nbsp;<\/p>\n","protected":false},"featured_media":2740,"comment_status":"closed","ping_status":"closed","template":"","meta":[],"product_cat":[75],"product_tag":[],"_links":{"self":[{"href":"https:\/\/www.slepecastratores.com.br\/index.php?rest_route=\/wp\/v2\/product\/2739"}],"collection":[{"href":"https:\/\/www.slepecastratores.com.br\/index.php?rest_route=\/wp\/v2\/product"}],"about":[{"href":"https:\/\/www.slepecastratores.com.br\/index.php?rest_route=\/wp\/v2\/types\/product"}],"replies":[{"embeddable":true,"href":"https:\/\/www.slepecastratores.com.br\/index.php?rest_route=%2Fwp%2Fv2%2Fcomments&post=2739"}],"wp:featuredmedia":[{"embeddable":true,"href":"https:\/\/www.slepecastratores.com.br\/index.php?rest_route=\/wp\/v2\/media\/2740"}],"wp:attachment":[{"href":"https:\/\/www.slepecastratores.com.br\/index.php?rest_route=%2Fwp%2Fv2%2Fmedia&parent=2739"}],"wp:term":[{"taxonomy":"product_cat","embeddable":true,"href":"https:\/\/www.slepecastratores.com.br\/index.php?rest_route=%2Fwp%2Fv2%2Fproduct_cat&post=2739"},{"taxonomy":"product_tag","embeddable":true,"href":"https:\/\/www.slepecastratores.com.br\/index.php?rest_route=%2Fwp%2Fv2%2Fproduct_tag&post=2739"}],"curies":[{"name":"wp","href":"https:\/\/api.w.org\/{rel}","templated":true}]}}